{"version":"1.0","provider_name":"DSFJEMK","provider_url":"https:\/\/te2.demo.hello-it.eu\/ls\/","title":"KRANICH - Kinder Krebs Anschluss-Nachsorge + Ich","type":"rich","width":600,"height":338,"html":"<blockquote class=\"wp-embedded-content\" data-secret=\"xsmlWuFguh\"><a href=\"https:\/\/te2.demo.hello-it.eu\/ls\/locations\/kranich-kinder-krebs-anschluss-nachsorge-ich\/\">KRANICH &#8211; Kinder Krebs Anschluss-Nachsorge + Ich<\/a><\/blockquote><iframe sandbox=\"allow-scripts\" security=\"restricted\" src=\"https:\/\/te2.demo.hello-it.eu\/ls\/locations\/kranich-kinder-krebs-anschluss-nachsorge-ich\/embed\/#?secret=xsmlWuFguh\" width=\"600\" height=\"338\" title=\"&#8220;KRANICH &#8211; Kinder Krebs Anschluss-Nachsorge + Ich&#8221; &#8212; DSFJEMK\" data-secret=\"xsmlWuFguh\" frameborder=\"0\" marginwidth=\"0\" marginheight=\"0\" scrolling=\"no\" class=\"wp-embedded-content\"><\/iframe><script type=\"text\/javascript\">\n\/* <![CDATA[ *\/\n\/*! This file is auto-generated *\/\n!function(d,l){\"use strict\";l.querySelector&&d.addEventListener&&\"undefined\"!=typeof URL&&(d.wp=d.wp||{},d.wp.receiveEmbedMessage||(d.wp.receiveEmbedMessage=function(e){var t=e.data;if((t||t.secret||t.message||t.value)&&!\/[^a-zA-Z0-9]\/.test(t.secret)){for(var s,r,n,a=l.querySelectorAll('iframe[data-secret=\"'+t.secret+'\"]'),o=l.querySelectorAll('blockquote[data-secret=\"'+t.secret+'\"]'),c=new RegExp(\"^https?:$\",\"i\"),i=0;i<o.length;i++)o[i].style.display=\"none\";for(i=0;i<a.length;i++)s=a[i],e.source===s.contentWindow&&(s.removeAttribute(\"style\"),\"height\"===t.message?(1e3<(r=parseInt(t.value,10))?r=1e3:~~r<200&&(r=200),s.height=r):\"link\"===t.message&&(r=new URL(s.getAttribute(\"src\")),n=new URL(t.value),c.test(n.protocol))&&n.host===r.host&&l.activeElement===s&&(d.top.location.href=t.value))}},d.addEventListener(\"message\",d.wp.receiveEmbedMessage,!1),l.addEventListener(\"DOMContentLoaded\",function(){for(var e,t,s=l.querySelectorAll(\"iframe.wp-embedded-content\"),r=0;r<s.length;r++)(t=(e=s[r]).getAttribute(\"data-secret\"))||(t=Math.random().toString(36).substring(2,12),e.src+=\"#?secret=\"+t,e.setAttribute(\"data-secret\",t)),e.contentWindow.postMessage({message:\"ready\",secret:t},\"*\")},!1)))}(window,document);\n\/* ]]> *\/\n<\/script>\n","description":"KRANICH ist eine Selbsthilfegruppe f\u00fcr Erwachsene nach einer Krebserkrankung im Kindes- oder Jugendalter in Norddeutschland, die nun mit den Sp\u00e4tfolgen der Erkrankung und der dazugeh\u00f6rigen Behandlung leben. Die Gruppe trifft sich regelm\u00e4\u00dfig in Hannover und unterst\u00fctzt sich gegenseitig in sie sich \u00fcber die eigene Situation und den pers\u00f6nlichen Umgang mit der Erkrankung austausch."}

KRANICH ist eine Selbsthilfegruppe für Erwachsene nach einer Krebserkrankung im Kindes- oder Jugendalter in Norddeutschland, die nun mit den Spätfolgen der Erkrankung und der dazugehörigen Behandlung leben. Die Gruppe trifft sich regelmäßig in Hannover und unterstützt sich gegenseitig in sie sich über die eigene Situation und den persönlichen Umgang mit der Erkrankung austausch.
